k = 49 - y. Suppose -5*q - k*u + 0*u + 239 = 0, 2*u = -5*q + 247. What are the prime factors of q?
3, 17
Suppose 11024 = 4*c + 5*b, -18*b = 3*c - 15*b - 8265. List the prime factors of c.
3, 7, 131
List the prime factors of 1/(6/168)*150*27/24.
3, 5, 7
Let x = 27471 - 13775. What are the prime factors of x?
2, 107
Let l be 12/(-24)*(-35 + 1). Let s be (l + -5)*(-60)/(-9). Suppose -j + 45 = -3*a, -4*a = -2*j - 3*a + s. List the prime factors of j.
3, 13
Let g(o) = -25*o - 66. Let m be g(-3). Suppose m*l - 24*l = -14340. What are the prime factors of l?
2, 239
What are the prime factors of 13322*((-152)/(-32) - 6)*-2?
5, 6661
Let y(d) = -259*d**3 - 43*d - 220. What are the prime factors of y(-4)?
2, 1033
Let h = -7 + 11. Suppose g + b + 5 = h*g, -g + 20 = -4*b. Suppose g = 4*v - 2*v - 136. List the prime factors of v.
2, 17
Let q(m) = 461*m - 1638. What are the prime factors of q(59)?
25561
Let h = 210293 + -143067. List the prime factors of h.
2, 33613
Let v be (-4 - -5) + 12 - 3. Let g(y) = -y**2 + 11*y - 9. Let a be g(v). What are the prime factors of a + (4 - 3) + 54?
2, 7
Suppose -5*x = 5*j - 25665, -j = -x + 1789 + 3358. List the prime factors of x.
2, 5, 257
Suppose 0 = -56*n - 167 - 4593. List the prime factors of n/2*(-510)/17.
3, 5, 17
Let l be (-4 - 78/(-15))*(-7365)/(-9). Suppose 1747 = 4*o + 5*g, -4*o + 4*g + l = -738. What are the prime factors of o?
433
Let y be (3 + (-3)/(-6))*(-84)/(-2). Let o = y + -60. Let m = 219 - o. What are the prime factors of m?
2, 3, 11
Let i = -1 + 4. Suppose -8*u = 32*u - 1200. List the prime factors of i/(((-3)/u)/(136/(-30))).
2, 17
List the prime factors of -4 + 119/(-51)*-14361.
5, 6701
Let r(x) = -x - 107. Let w be r(-23). Let t = 65 - w. What are the prime factors of t?
149
Suppose 0 = -0*y + y + 2*d - 9, -10 = -5*y - 3*d. Let x be (6 + 4/(-4))*y. List the prime factors of 84 - x/(5/4).
2, 11
Suppose -9*s + 10*s - 2 = 0. Let j be ((-138)/4)/((-1)/s). Let z = 81 + j. List the prime factors of z.
2, 3, 5
Let o be (-37)/74 + (-18)/(-4). Suppose 3*r - 197 = -v - r, 5*v + o*r - 1049 = 0. What are the prime factors of v?
3, 71
Let k(q) = -64 + 123 + 2*q**2 - 18*q - 66 - 95. What are the prime factors of k(24)?
2, 3, 103
Let k(d) = -d - 1. Let n be k(-6). Suppose n*z + 115 = -3*l, -4*z - 5*l = -l + 92. Let h = z + 60. List the prime factors of h.
37
Let x(s) = -134*s - 20*s - 39*s - 11. Let b(a) = 385*a + 24. Let d(v) = -4*b(v) - 9*x(v). What are the prime factors of d(1)?
2, 5
Let x(n) = 47*n + 115. Let j(g) = 8*g + 19. Let u(h) = 34*j(h) - 6*x(h). Let s = -2799 - -2768. List the prime factors of u(s).
2, 7, 19
Suppose -4*k = -f - 0*k + 1, 15 = -3*k. Suppose -4 = n, -3*t - 6*n + 108 = -9*n. Let h = t + f. What are the prime factors of h?
13
Suppose -1551*d + 1547*d + 176872 = -2*f, 4*d = 5*f + 176872. List the prime factors of d.
2, 22109
Let h(o) = -11*o**3 + 2*o - 4. Let y be h(2). Let r = -6 - y. List the prime factors of (3 + r/4)/(6/12).
47
Let u(c) = -23*c - 14. Suppose -3*f + 7 = 10. Let d be -2 + -2 - (f - -4). List the prime factors of u(d).
3, 7
Suppose 4*l - 724 = -2*d + 6*d, 3*l = -d + 543. Suppose 2*c - 327 = 3*m, -2*c + l = -c + 2*m. What are the prime factors of c?
3, 19
Let h(x) = 280*x - 39. What are the prime factors of h(13)?
13, 277
Suppose 18*k - 69 = -123. List the prime factors of -140*(-24)/(-28)*k.
2, 3, 5
Let v(u) = 26*u + 54 - 118 + 23*u - 58. List the prime factors of v(25).
1103
Suppose 2 = -i - 1. Let v(y) = -y**3 - y**2 + 19*y - 8. Let n be v(-5). List the prime factors of (i - 8/n)*-75.
5
Let f(x) = 4*x**2 + 195*x + 5580. What are the prime factors of f(-63)?
3, 1019
Suppose 354 = -11*y + 387. What are the prime factors of -2 + 3 + y - (-1083 - -10)?
3, 359
Suppose -2*i = -3*q + 377, 4*q - i - 3*i = 504. Suppose -2*k - 181 + 13 = 0. Let p = q + k. List the prime factors of p.
41
Let y(b) = -64*b - 53 - 10 - 2*b**2 + 8. List the prime factors of y(-26).
257
Let o(a) = 920*a - 528. List the prime factors of o(4).
2, 197
Let x = 63 - 62. Let o be ((-11)/44)/(x/(-68)). Suppose 2*m = -o + 69. List the prime factors of m.
2, 13
Let p(i) = -i - 10. Let h = 34 + -46. Let w be p(h). Suppose w*s - s = 193. List the prime factors of s.
193
Suppose 0 = -29*r + 43942 + 88617. List the prime factors of r.
7, 653
Suppose 8*x - 17*x + 63 = 0. Suppose 0 = 8*g + x*g - 4035. List the prime factors of g.
269
Suppose -5 = -g - 0*g. Suppose 4*p + 2*j = 114, g*j = 5*p - p - 121. Suppose -3*z + p = -37. List the prime factors of z.
2, 11
Let f(z) = -20*z - 19. Let a be f(-7). Suppose 3*l + 5*c - 903 = 0, -2*c + 180 = l - a. List the prime factors of l.
7, 43
Suppose p - 4*w = 2219, w - 9004 = -5*p + 2028. What are the prime factors of p?
2207
Suppose -t - z + 3752 = 0, 62*t - 57*t - 6*z - 18804 = 0. List the prime factors of t.
2, 3, 313
Let k(z) be the first derivative of -z**4/4 + 4*z**3/3 + z**2 + 11*z + 16. Let t be k(5). What are the prime factors of (3 + 2/1)*(5 + t)?
5
Let l(q) be the second derivative of -q**3/6 - q**2/2 + 11*q. Let x be l(-2). Let k(s) = 82*s**3 - s**2. What are the prime factors of k(x)?
3
Let b = -5836 - -31652. List the prime factors of b.
2, 7, 461
Let k(b) = 21*b + 88. Let x be k(-4). Suppose -x*o - 3914 = -5*q - 0*o, q + 2*o = 794. List the prime factors of q.
2, 3, 131
Suppose 22*a - 65968 = -6*a. List the prime factors of a.
2, 19, 31
Suppose 0 = -k + 4*z - 10, k - z + 12 = 4*z. Let h be (k + -2 + -2)/(21/(-56)). List the prime factors of (4 + (-180)/h)*-8.
2, 29
Let b be 8*((-6)/8 + 47/47). Suppose -1511 = -b*n - z, 3*n + 2*z + 86 = 2353. List the prime factors of n.
5, 151
Suppose 0 = -4*p - 5*a - 27, 75 = -5*p + a + a. Let n = p - -97. Suppose -4*i - n = -f + 55, -3*f - 2*i + 375 = 0. What are the prime factors of f?
127
Suppose -240*g + 262*g = 130614. List the prime factors of g.
3, 1979
Suppose 4*r - 26*u + 22*u = 79884, 2*r - 3*u - 39940 = 0. What are the prime factors of r?
19973
Let q be 72*(-6)/(96/(-164)). Let t = -2 + q. List the prime factors of t.
2, 23
Suppose -11*d - d = -528. Suppose i - d = 40. List the prime factors of i.
2, 3, 7
Suppose 4*a + 2*h = 15672, -2*h - 201 = -a + 3717. What are the prime factors of a?
2, 3, 653
Let h(x) = x**3 - x**2 - 2*x + 4. Let l be h(2). Suppose 3*a + 4 = -a, -4*z + 780 = -l*a. Suppose z = 2*r - 42. What are the prime factors of r?
2, 59
Suppose -5*x = 2*y - 27, x - 4*y - 32 = -9. Let r be (-2 + 1)/(((-14)/116)/x). Suppose -3*c = -122 - r. What are the prime factors of c?
2, 3, 5
Let w = 8587 - 3893. What are the prime factors of w?
2, 2347
Let q = -389 + 403. List the prime factors of ((-8)/q)/(0 - 18/4473).
2, 71
Suppose -4*t + 4228 = v, 3*t + 7625 = 5*v - 13423. List the prime factors of v.
2, 3, 13
Suppose 328*d = f + 333*d - 489, d = 4. List the prime factors of f.
7, 67
Let i = -62 - -74. What are the prime factors of i/(-14) + (-33698)/(-98)?
7
Let v(d) = 33*d - 37*d + 12*d - 46 + 16*d. What are the prime factors of v(11)?
2, 109
Let x be (-2 + 12*-2)/((-5)/10). Let b = x - 52. Suppose 2*d - 258 + 54 = b. List the prime factors of d.
2, 3, 17
Let v(m) = -m**3 - 5*m**2 + 1045*m + 41. List the prime factors of v(28).
3, 127
Let w(s) = 21576*s - 403. What are the prime factors of w(2)?
7, 31, 197
Let w = 1403 - 4409. Let a = w - -4359. What are the prime factors of a?
3, 11, 41
Suppose 4*n - 954 = -524*x + 523*x, 0 = -n + 2. What are the prime factors of x?
2, 11, 43
Let n = -183 + 198. List the prime factors of (222/4)/(n/70).
7, 37
Let p(h) = -h - 2. Let j be p(-2). Suppose 10 = -2*r, -3*f + 2*r - r + 590 = j. Suppose 4*u - u = f. List the prime factors of u.
5, 13
What are the prime factors of 573098/18 + 32/144?
3, 10613
Suppose -600 = -4*t - 2*k, -t - 21*k + 132 = -25*k. Let i = t + 219. List the prime factors of i.
367
Let n(v) = v**3 - 36*v**2 + 9*v - 14. List the prime factors of n(37).
2, 211
What are the prime factors of 16990/12 + (-70)/(-60)?
13, 109
Let l be 0/(6 + -2 - (1 - -1)). Suppose 4*u - 408 = -2*j + 3*u, l = 3*u - 6. Let f = j + -67. List the prime factors of f.
2, 17
Let j(q) = -q**3 - 24*q**2 + 261*q - 33. What are the prime factors of j(-34)?
7, 379
Let f(h) = 3*h**2 - 10*h - 23. Let d be f(7). What are the prime factors of 3/(d/4) + 372/27?
2, 7
Let p(v) = v**2 + 23*v + 26. S